{"id":1303,"date":"2026-03-26T11:55:11","date_gmt":"2026-03-26T10:55:11","guid":{"rendered":"https:\/\/warendorfer-su.de\/?page_id=1303"},"modified":"2026-04-28T13:39:32","modified_gmt":"2026-04-28T11:39:32","slug":"vereinsmeisterschaften","status":"publish","type":"page","link":"https:\/\/warendorfer-su.de\/index.php\/leichtathletik\/veranstaltungen\/vereinsmeisterschaften\/","title":{"rendered":"Vereinsmeisterschaften"},"content":{"rendered":"\n<p><\/p>\n\n\n\n<h1 class=\"wp-block-heading has-medium-gray-color has-text-color has-link-color has-medium-font-size wp-elements-1bb352f00bf7f03d8ef0748d0009d087\">Vereinsmeisterschaften 2026<\/h1>\n\n\n\n<div class=\"wp-block-buttons is-layout-flex wp-block-buttons-is-layout-flex\">\n<div class=\"wp-block-button is-style-fill\"><a class=\"wp-block-button__link wp-element-button\" href=\"https:\/\/warendorfer-su.de\/wp-content\/uploads\/2026\/04\/2026-04-10_WSU_LA_Vereinsmeisterschaften-Einladung.pdf\" style=\"border-top-left-radius:0px;border-top-right-radius:0px;border-bottom-left-radius:0px;border-bottom-right-radius:0px\">Einladung<\/a><\/div>\n\n\n\n<div class=\"wp-block-button\"><a class=\"wp-block-button__link wp-element-button\" href=\"https:\/\/warendorfer-su.de\/wp-content\/uploads\/2026\/04\/2026-04-25_WSU_LA_Ergebnisse.pdf\" style=\"border-top-left-radius:0px;border-top-right-radius:0px;border-bottom-left-radius:0px;border-bottom-right-radius:0px\">Ergebnisse<\/a><\/div>\n\n\n\n<div class=\"wp-block-button\"><a class=\"wp-block-button__link wp-element-button\" style=\"border-top-left-radius:0px;border-top-right-radius:0px;border-bottom-left-radius:0px;border-bottom-right-radius:0px\">Fotos<\/a><\/div>\n<\/div>\n\n\n\n<hr class=\"wp-block-separator has-alpha-channel-opacity is-style-wide\"\/>\n\n\n\n<h3 class=\"wp-block-heading\">26.04.2026<\/h3>\n\n\n\n<h1 class=\"wp-block-heading has-medium-gray-color has-text-color has-link-color has-medium-font-size wp-elements-453525737469059a184bfc501cac6e81\">Vereinsmeisterschaften im Crosslauf: <br>Sonnenschein, starke Leistungen und beste Stimmung rund um den Sportpark<\/h1>\n\n\n\n<figure class=\"wp-block-image size-large is-style-default\"><img loading=\"lazy\" decoding=\"async\" width=\"1024\" height=\"683\" src=\"https:\/\/warendorfer-su.de\/wp-content\/uploads\/2026\/04\/WSU_LA_Vereinsm_2026_91-1024x683.jpg\" alt=\"\" class=\"wp-image-1559\" srcset=\"https:\/\/warendorfer-su.de\/wp-content\/uploads\/2026\/04\/WSU_LA_Vereinsm_2026_91-1024x683.jpg 1024w, https:\/\/warendorfer-su.de\/wp-content\/uploads\/2026\/04\/WSU_LA_Vereinsm_2026_91-300x200.jpg 300w, https:\/\/warendorfer-su.de\/wp-content\/uploads\/2026\/04\/WSU_LA_Vereinsm_2026_91-768x512.jpg 768w, https:\/\/warendorfer-su.de\/wp-content\/uploads\/2026\/04\/WSU_LA_Vereinsm_2026_91-450x300.jpg 450w, https:\/\/warendorfer-su.de\/wp-content\/uploads\/2026\/04\/WSU_LA_Vereinsm_2026_91.jpg 1200w\" sizes=\"auto, (max-width: 1024px) 100vw, 1024px\" \/><\/figure>\n\n\n\n<p>Am Samstag, den 25. April 2026, fanden die diesj\u00e4hrigen Vereinsmeisterschaften der Leichtathletik-Abteilung als Crosslauf rund um den Sportpark am Stadtstadion statt. Bei grandiosem Wetter mit warmen Temperaturen und strahlendem Sonnenschein herrschten beste Bedingungen f\u00fcr einen rundum gelungenen Wettkampftag.<\/p>\n\n\n\n<p>Insgesamt gingen 62 Kinder, Jugendliche, Erwachsene und Eltern an den Start und sorgten f\u00fcr ein tolles Teilnehmerfeld . Ganz nach dem Motto \u201eEgal ob ambitionierter oder gem\u00fctlicher L\u00e4ufer, ob jung oder alt\u201c stand nicht nur der sportliche Wettkampf, sondern vor allem der gemeinsame Spa\u00df an der Leichtathletik im Mittelpunkt.<\/p>\n\n\n\n<p>Bereits um 14:00 Uhr begann der Nachmittag mit der gemeinsamen Erw\u00e4rmung und der Ausgabe der Startnummern. Anschlie\u00dfend starteten die verschiedenen Altersklassen auf ihre jeweiligen Strecken rund um den Sportpark.<\/p>\n\n\n\n<p>Den Auftakt machten um 14:30 Uhr die Erwachsenen ab 18 Jahren sowie die Eltern mit dem 10.000-Meter-Lauf. Hier setzte sich Florian Eselgrim in starken 43:40 Minuten souver\u00e4n an die Spitze. Tristan Lammers folgte mit 47:20 Minuten auf Rang zwei, w\u00e4hrend Alexandra Frohne als schnellste Frau mit 49:44 Minuten einen hervorragenden dritten Gesamtplatz belegte .<\/p>\n\n\n\n<p>Im anschlie\u00dfenden 3.000-Meter-Lauf der U14 bis U18 \u00fcberzeugten ebenfalls viele starke Leistungen. Besonders schnell unterwegs war Theo Wunderlich, der die m\u00e4nnliche U16 in ausgezeichneten 12:28 Minuten gewann. Bei den M\u00e4dchen lief Karlotta Kock in der W16 mit 14:40 Minuten auf Platz eins. In der weiblichen U14 lieferten sich Lotte L\u00fcffe und Maja Niew\u00f6hner ein spannendes Rennen \u2013 am Ende trennten beide nur gut drei Sekunden: Lotte siegte in 13:48 Minuten knapp vor Maja in 13:51 Minuten .<\/p>\n\n\n\n<p>Auch in der U12 wurden starke Zeiten erzielt. Piet Ossege gewann die 1.500 Meter der Jungen in schnellen 7:02 Minuten. Bei den M\u00e4dchen setzte sich Lily Schirbel mit 7:27 Minuten knapp vor Carla Niew\u00f6hner durch, die nur zwei Sekunden sp\u00e4ter das Ziel erreichte \u2013 ein echtes Fotofinish .<\/p>\n\n\n\n<p>Besonders viel Begeisterung herrschte bei den j\u00fcngsten Starterinnen und Startern. In der U10 gewann Jonathan Mundmann die 1.500 Meter der Jungen in 7:20 Minuten knapp vor Sebastian Frese. Bei den M\u00e4dchen lief Finja Scheller mit 7:41 Minuten zum Sieg. Im abschlie\u00dfenden 800-Meter-Lauf der U8 lieferten sich Oskar Heseker und Maximilian Soja ein packendes Duell, das Oskar mit nur zwei Sekunden Vorsprung in 4:10 Minuten f\u00fcr sich entschied. Bei den M\u00e4dchen gewann Jonna Horstmann in 4:18 Minuten vor Thea Heseker .<\/p>\n\n\n\n<p>Auf der gesamten Strecke herrschte eine tolle Atmosph\u00e4re: Zahlreiche Eltern, Geschwister und Vereinsmitglieder feuerten die L\u00e4uferinnen und L\u00e4ufer lautstark an und sorgten f\u00fcr echte Wettkampfstimmung. Es gab viele schnelle Zeiten, starke pers\u00f6nliche Leistungen und vor allem ganz viel Freude am gemeinsamen Sport.<\/p>\n\n\n\n<p>Auch abseits der Laufstrecke war bestens f\u00fcr das Wohl aller gesorgt. Bei Kuchen, frischen Waffeln und Kaltgetr\u00e4nken konnten sich Teilnehmer und Zuschauer st\u00e4rken und den sonnigen Nachmittag genie\u00dfen.<\/p>\n\n\n\n<p>Den feierlichen Abschluss bildete um 16:15 Uhr die gemeinsame Siegerehrung aller Wettbewerbe. Alle Teilnehmerinnen und Teilnehmer erhielten eine Urkunde als Erinnerung an einen gelungenen Wettkampftag. Die jeweils drei Erstplatzierten jeder Altersklasse durften sich zus\u00e4tzlich \u00fcber Medaillen freuen.<\/p>\n\n\n\n<p>Die Vereinsmeisterschaften 2026 waren damit wieder ein voller Erfolg \u2013 sportlich, gemeinschaftlich und mit ganz viel guter Laune. Ein gro\u00dfes Dankesch\u00f6n gilt allen Helferinnen und Helfern, Organisatoren sowie den zahlreichen Unterst\u00fctzern am Streckenrand, die diesen sch\u00f6nen Tag m\u00f6glich gemacht haben.<\/p>\n\n\n\n<p>Die Leichtathletik-Abteilung freut sich schon jetzt auf die n\u00e4chsten gemeinsamen Veranstaltungen!<br><br><em>Fotograf: Kai Horstmann <\/em><\/p>\n\n\n\nngg_shortcode_0_placeholder\n","protected":false},"excerpt":{"rendered":"<p>Vereinsmeisterschaften 2026 26.04.2026 Vereinsmeisterschaften im Crosslauf: Sonnenschein, starke Leistungen und beste Stimmung rund um den Sportpark Am Samstag, den 25. April 2026, fanden die diesj\u00e4hrigen Vereinsmeisterschaften der Leichtathletik-Abteilung als Crosslauf rund um den Sportpark am Stadtstadion statt. Bei grandiosem Wetter &hellip; <a href=\"https:\/\/warendorfer-su.de\/index.php\/leichtathletik\/veranstaltungen\/vereinsmeisterschaften\/\">Weiterlesen <span class=\"meta-nav\">&rarr;<\/span><\/a><\/p>\n","protected":false},"author":12,"featured_media":1314,"parent":1298,"menu_order":3,"comment_status":"closed","ping_status":"closed","template":"","meta":{"ngg_post_thumbnail":0,"footnotes":""},"class_list":["post-1303","page","type-page","status-publish","has-post-thumbnail","hentry"],"_links":{"self":[{"href":"https:\/\/warendorfer-su.de\/index.php\/wp-json\/wp\/v2\/pages\/1303","targetHints":{"allow":["GET"]}}],"collection":[{"href":"https:\/\/warendorfer-su.de\/index.php\/wp-json\/wp\/v2\/pages"}],"about":[{"href":"https:\/\/warendorfer-su.de\/index.php\/wp-json\/wp\/v2\/types\/page"}],"author":[{"embeddable":true,"href":"https:\/\/warendorfer-su.de\/index.php\/wp-json\/wp\/v2\/users\/12"}],"replies":[{"embeddable":true,"href":"https:\/\/warendorfer-su.de\/index.php\/wp-json\/wp\/v2\/comments?post=1303"}],"version-history":[{"count":22,"href":"https:\/\/warendorfer-su.de\/index.php\/wp-json\/wp\/v2\/pages\/1303\/revisions"}],"predecessor-version":[{"id":1773,"href":"https:\/\/warendorfer-su.de\/index.php\/wp-json\/wp\/v2\/pages\/1303\/revisions\/1773"}],"up":[{"embeddable":true,"href":"https:\/\/warendorfer-su.de\/index.php\/wp-json\/wp\/v2\/pages\/1298"}],"wp:featuredmedia":[{"embeddable":true,"href":"https:\/\/warendorfer-su.de\/index.php\/wp-json\/wp\/v2\/media\/1314"}],"wp:attachment":[{"href":"https:\/\/warendorfer-su.de\/index.php\/wp-json\/wp\/v2\/media?parent=1303"}],"curies":[{"name":"wp","href":"https:\/\/api.w.org\/{rel}","templated":true}]}}