{"id":151,"date":"2025-12-21T22:39:31","date_gmt":"2025-12-21T21:39:31","guid":{"rendered":"https:\/\/wwsu.de\/?page_id=151"},"modified":"2025-12-21T22:39:31","modified_gmt":"2025-12-21T21:39:31","slug":"das-team","status":"publish","type":"page","link":"https:\/\/warendorfer-su.de\/index.php\/ballsport\/wasserball\/das-team\/","title":{"rendered":"Das Team"},"content":{"rendered":"\n<p>Unsere Trainer verf\u00fcgen \u00fcber langj\u00e4hrige Erfahrung und hochqualifizierte Lizenzen, um sowohl Technik als auch Fitness optimal zu f\u00f6rdern.<\/p>\n\n\n\n<hr class=\"wp-block-separator has-alpha-channel-opacity\"\/>\n\n\n\n<h3 class=\"wp-block-heading\">Hauptverantwortliche Trainer<\/h3>\n\n\n\n<p><strong>Richard Rauer<\/strong> <em>Wasserballwart<\/em><\/p>\n\n\n\n<ul class=\"wp-block-list\">\n<li>Trainer C-Lizenz (Schwimmen)<\/li>\n\n\n\n<li>Trainer C-Lizenz (Breitensport)<\/li>\n\n\n\n<li>Trainer R\u00fccken-Bewegung<\/li>\n\n\n\n<li>Haltung B-Lizenz<\/li>\n<\/ul>\n\n\n\n<p><\/p>\n\n\n\n<hr class=\"wp-block-separator has-alpha-channel-opacity\"\/>\n\n\n\n<p><strong>Thomas Leutner<\/strong> <em>Trainer<\/em><\/p>\n\n\n\n<ul class=\"wp-block-list\">\n<li>Trainer C-Lizenz (Wasserball)<\/li>\n\n\n\n<li>Trainer C-Lizenz (Schwimmen)<\/li>\n<\/ul>\n\n\n\n<p><\/p>\n\n\n\n<hr class=\"wp-block-separator has-alpha-channel-opacity\"\/>\n\n\n\n<h3 class=\"wp-block-heading\">Unterst\u00fctzung im Team<\/h3>\n\n\n\n<p>Neben unseren Cheftrainern wird die Abteilung durch weitere Experten unterst\u00fctzt:<\/p>\n\n\n\n<ul class=\"wp-block-list\">\n<li><strong>Frank Aldejohann<\/strong><\/li>\n\n\n\n<li><strong>Kai Rieth<\/strong> (Physiotherapeut)<\/li>\n<\/ul>\n","protected":false},"excerpt":{"rendered":"<p>Unsere Trainer verf\u00fcgen \u00fcber langj\u00e4hrige Erfahrung und hochqualifizierte Lizenzen, um sowohl Technik als auch Fitness optimal zu f\u00f6rdern. Hauptverantwortliche Trainer Richard Rauer Wasserballwart Thomas Leutner Trainer Unterst\u00fctzung im Team Neben unseren Cheftrainern wird die Abteilung durch weitere Experten unterst\u00fctzt:<\/p>\n","protected":false},"author":1,"featured_media":0,"parent":149,"menu_order":0,"comment_status":"closed","ping_status":"closed","template":"","meta":{"ngg_post_thumbnail":0,"footnotes":""},"class_list":["post-151","page","type-page","status-publish","hentry"],"_links":{"self":[{"href":"https:\/\/warendorfer-su.de\/index.php\/wp-json\/wp\/v2\/pages\/151","targetHints":{"allow":["GET"]}}],"collection":[{"href":"https:\/\/warendorfer-su.de\/index.php\/wp-json\/wp\/v2\/pages"}],"about":[{"href":"https:\/\/warendorfer-su.de\/index.php\/wp-json\/wp\/v2\/types\/page"}],"author":[{"embeddable":true,"href":"https:\/\/warendorfer-su.de\/index.php\/wp-json\/wp\/v2\/users\/1"}],"replies":[{"embeddable":true,"href":"https:\/\/warendorfer-su.de\/index.php\/wp-json\/wp\/v2\/comments?post=151"}],"version-history":[{"count":1,"href":"https:\/\/warendorfer-su.de\/index.php\/wp-json\/wp\/v2\/pages\/151\/revisions"}],"predecessor-version":[{"id":152,"href":"https:\/\/warendorfer-su.de\/index.php\/wp-json\/wp\/v2\/pages\/151\/revisions\/152"}],"up":[{"embeddable":true,"href":"https:\/\/warendorfer-su.de\/index.php\/wp-json\/wp\/v2\/pages\/149"}],"wp:attachment":[{"href":"https:\/\/warendorfer-su.de\/index.php\/wp-json\/wp\/v2\/media?parent=151"}],"curies":[{"name":"wp","href":"https:\/\/api.w.org\/{rel}","templated":true}]}}