{"id":159,"date":"2025-12-21T22:46:03","date_gmt":"2025-12-21T21:46:03","guid":{"rendered":"https:\/\/wwsu.de\/?page_id=159"},"modified":"2025-12-21T22:46:45","modified_gmt":"2025-12-21T21:46:45","slug":"anfahrt","status":"publish","type":"page","link":"https:\/\/warendorfer-su.de\/index.php\/ballsport\/wasserball\/anfahrt\/","title":{"rendered":"Anfahrt"},"content":{"rendered":"\n<h1 class=\"wp-block-heading\">Anfahrt zur Sportschule der Bundeswehr<\/h1>\n\n\n\n<p>Das Training der WSU-Wasserballer findet in den Schwimmhallen der Sportschule der Bundeswehr statt. Hier findest du alle Informationen f\u00fcr deine Anreise.<\/p>\n\n\n\n<h3 class=\"wp-block-heading\">Anschrift<\/h3>\n\n\n\n<p><strong>Sportschule der Bundeswehr<\/strong> Dr.-Rau-Allee 32<\/p>\n\n\n\n<p>48231 Warendorf<\/p>\n\n\n\n<h3 class=\"wp-block-heading\">Kontakt &amp; R\u00fcckfragen<\/h3>\n\n\n\n<p>Solltest du Fragen zur Liegenschaft haben oder die Wache erreichen m\u00fcssen, kannst du dich direkt an die Sportschule wenden:<\/p>\n\n\n\n<ul class=\"wp-block-list\">\n<li><strong>Telefon:<\/strong> \ud83d\udcde <a href=\"https:\/\/www.google.com\/search?q=tel:%2B49258194114025\" target=\"_blank\" rel=\"noreferrer noopener\">02581 \/ 9411-4025<\/a><\/li>\n<\/ul>\n\n\n\n<h3 class=\"wp-block-heading\"><\/h3>\n\n\n\n<hr class=\"wp-block-separator has-alpha-channel-opacity\"\/>\n\n\n\n<h3 class=\"wp-block-heading\">Wichtige Hinweise f\u00fcr Besucher<\/h3>\n\n\n\n<ul class=\"wp-block-list\">\n<li><strong>Navigationsger\u00e4t:<\/strong> Gib als Zieladresse die <em>Dr.-Rau-Allee 32<\/em> ein. Die Sportschule ist in Warendorf zudem gut ausgeschildert.<\/li>\n\n\n\n<li><strong>Zugang zum Gel\u00e4nde:<\/strong> Bitte denke daran, dass sich die Schwimmhallen auf einem milit\u00e4rischen Gel\u00e4nde befinden. Wie in den Trainingszeiten erw\u00e4hnt, ist der <strong>Kasernenausweis<\/strong> (oder bei Erstbesuch nach Absprache ein g\u00fcltiger Lichtbildausweis) an der Wache vorzuzeigen.<\/li>\n\n\n\n<li><strong>Parken:<\/strong> Parkm\u00f6glichkeiten befinden sich in der Regel vor oder auf dem Gel\u00e4nde (bitte die Anweisungen des Wachpersonals beachten).<\/li>\n<\/ul>\n","protected":false},"excerpt":{"rendered":"<p>Anfahrt zur Sportschule der Bundeswehr Das Training der WSU-Wasserballer findet in den Schwimmhallen der Sportschule der Bundeswehr statt. Hier findest du alle Informationen f\u00fcr deine Anreise. Anschrift Sportschule der Bundeswehr Dr.-Rau-Allee 32 48231 Warendorf Kontakt &amp; R\u00fcckfragen Solltest du Fragen &hellip; <a href=\"https:\/\/warendorfer-su.de\/index.php\/ballsport\/wasserball\/anfahrt\/\">Weiterlesen <span class=\"meta-nav\">&rarr;<\/span><\/a><\/p>\n","protected":false},"author":1,"featured_media":0,"parent":149,"menu_order":0,"comment_status":"closed","ping_status":"closed","template":"","meta":{"ngg_post_thumbnail":0,"footnotes":""},"class_list":["post-159","page","type-page","status-publish","hentry"],"_links":{"self":[{"href":"https:\/\/warendorfer-su.de\/index.php\/wp-json\/wp\/v2\/pages\/159","targetHints":{"allow":["GET"]}}],"collection":[{"href":"https:\/\/warendorfer-su.de\/index.php\/wp-json\/wp\/v2\/pages"}],"about":[{"href":"https:\/\/warendorfer-su.de\/index.php\/wp-json\/wp\/v2\/types\/page"}],"author":[{"embeddable":true,"href":"https:\/\/warendorfer-su.de\/index.php\/wp-json\/wp\/v2\/users\/1"}],"replies":[{"embeddable":true,"href":"https:\/\/warendorfer-su.de\/index.php\/wp-json\/wp\/v2\/comments?post=159"}],"version-history":[{"count":2,"href":"https:\/\/warendorfer-su.de\/index.php\/wp-json\/wp\/v2\/pages\/159\/revisions"}],"predecessor-version":[{"id":161,"href":"https:\/\/warendorfer-su.de\/index.php\/wp-json\/wp\/v2\/pages\/159\/revisions\/161"}],"up":[{"embeddable":true,"href":"https:\/\/warendorfer-su.de\/index.php\/wp-json\/wp\/v2\/pages\/149"}],"wp:attachment":[{"href":"https:\/\/warendorfer-su.de\/index.php\/wp-json\/wp\/v2\/media?parent=159"}],"curies":[{"name":"wp","href":"https:\/\/api.w.org\/{rel}","templated":true}]}}