{"id":240,"date":"2025-12-22T00:03:04","date_gmt":"2025-12-21T23:03:04","guid":{"rendered":"https:\/\/wwsu.de\/?page_id=240"},"modified":"2026-02-05T21:59:54","modified_gmt":"2026-02-05T20:59:54","slug":"trainingszeiten","status":"publish","type":"page","link":"https:\/\/warendorfer-su.de\/index.php\/kampfsport\/judo\/trainingszeiten\/","title":{"rendered":"Trainingszeiten"},"content":{"rendered":"\n<p>Der Judosport bei der WSU ist f\u00fcr alle Altersklassen offen. Unser Training findet in einer gemeinschaftlichen Atmosph\u00e4re statt, in der wir gemeinsam die Matten aufbauen und trainieren.<\/p>\n\n\n\n<h3 class=\"wp-block-heading\">\ud83d\udccd Trainingsort<\/h3>\n\n\n\n<p><strong>Sporthalle des Berufskollegs \/ Astrid-Lindgren-Schule<\/strong> D\u00fcsternstra\u00dfe 16 (N\u00e4he Finanzamt), 48231 Warendorf<\/p>\n\n\n\n<hr class=\"wp-block-separator has-alpha-channel-opacity\"\/>\n\n\n\n<h2 class=\"wp-block-heading\">Unsere Trainingsgruppen<\/h2>\n\n\n\n<figure class=\"wp-block-table\"><table class=\"has-fixed-layout\"><thead><tr><td><strong>Zielgruppe<\/strong><\/td><td><strong>Tage<\/strong><\/td><td><strong>Uhrzeit<\/strong><\/td><td><strong>Besonderheit<\/strong><\/td><\/tr><\/thead><tbody><tr><td><strong>Kinder<\/strong> (ab 6 Jahre)<\/td><td>Montag &amp; Mittwoch<\/td><td>18:00 \u2013 19:30 Uhr<\/td><td>Bitte 10 Min. fr\u00fcher da sein zum Mattenaufbau!<\/td><\/tr><tr><td><strong>Jugend &amp; Erwachsene<\/strong> (ab 15 J.)<\/td><td>Montag &amp; Mittwoch<\/td><td>19:30 \u2013 21:00 Uhr<\/td><td>Einstieg jederzeit m\u00f6glich.<\/td><\/tr><\/tbody><\/table><\/figure>\n\n\n\n<hr class=\"wp-block-separator has-alpha-channel-opacity\"\/>\n\n\n\n<h2 class=\"wp-block-heading\">Informationen f\u00fcr Anf\u00e4nger &amp; Schnuppertraining<\/h2>\n\n\n\n<p>Du m\u00f6chtest Judo ausprobieren? Wir freuen uns auf dich! Beachte bitte die unterschiedlichen Regelungen f\u00fcr den Einstieg:<\/p>\n\n\n\n<h3 class=\"wp-block-heading\">\ud83e\uddd2 Kindergruppe (ab 6 Jahre)<\/h3>\n\n\n\n<p>Um eine gute Betreuung zu gew\u00e4hrleisten, ist der Einstieg f\u00fcr Anf\u00e4nger und Schnupperkinder <strong>nur zu bestimmten Terminen<\/strong> m\u00f6glich:<\/p>\n\n\n\n<ul class=\"wp-block-list\">\n<li>Jeweils an den <strong>ersten vier Trainingsabenden<\/strong> nach den <strong>Sommerferien<\/strong> und nach den <strong>Weihnachtsferien<\/strong>.<\/li>\n\n\n\n<li><strong>Was mitbringen?<\/strong> Lange Sportkleidung, Turnschlappen oder Badelatschen (f\u00fcr den Weg zur Matte) und gute Laune! Eine Anmeldung ist nicht erforderlich.<\/li>\n<\/ul>\n\n\n\n<h3 class=\"wp-block-heading\">\ud83e\uddd1 Jugendliche &amp; Erwachsene (ab 15 Jahre)<\/h3>\n\n\n\n<ul class=\"wp-block-list\">\n<li><strong>Jederzeit willkommen:<\/strong> Ein Einstieg oder Schnuppertraining ist hier jederzeit ohne Voranmeldung m\u00f6glich.<\/li>\n\n\n\n<li>Komm einfach zu den oben genannten Trainingszeiten vorbei und mach direkt mit!<\/li>\n<\/ul>\n","protected":false},"excerpt":{"rendered":"<p>Der Judosport bei der WSU ist f\u00fcr alle Altersklassen offen. Unser Training findet in einer gemeinschaftlichen Atmosph\u00e4re statt, in der wir gemeinsam die Matten aufbauen und trainieren. \ud83d\udccd Trainingsort Sporthalle des Berufskollegs \/ Astrid-Lindgren-Schule D\u00fcsternstra\u00dfe 16 (N\u00e4he Finanzamt), 48231 Warendorf &hellip; <a href=\"https:\/\/warendorfer-su.de\/index.php\/kampfsport\/judo\/trainingszeiten\/\">Weiterlesen <span class=\"meta-nav\">&rarr;<\/span><\/a><\/p>\n","protected":false},"author":1,"featured_media":1097,"parent":238,"menu_order":2,"comment_status":"closed","ping_status":"closed","template":"","meta":{"ngg_post_thumbnail":0,"footnotes":""},"class_list":["post-240","page","type-page","status-publish","has-post-thumbnail","hentry"],"_links":{"self":[{"href":"https:\/\/warendorfer-su.de\/index.php\/wp-json\/wp\/v2\/pages\/240","targetHints":{"allow":["GET"]}}],"collection":[{"href":"https:\/\/warendorfer-su.de\/index.php\/wp-json\/wp\/v2\/pages"}],"about":[{"href":"https:\/\/warendorfer-su.de\/index.php\/wp-json\/wp\/v2\/types\/page"}],"author":[{"embeddable":true,"href":"https:\/\/warendorfer-su.de\/index.php\/wp-json\/wp\/v2\/users\/1"}],"replies":[{"embeddable":true,"href":"https:\/\/warendorfer-su.de\/index.php\/wp-json\/wp\/v2\/comments?post=240"}],"version-history":[{"count":1,"href":"https:\/\/warendorfer-su.de\/index.php\/wp-json\/wp\/v2\/pages\/240\/revisions"}],"predecessor-version":[{"id":242,"href":"https:\/\/warendorfer-su.de\/index.php\/wp-json\/wp\/v2\/pages\/240\/revisions\/242"}],"up":[{"embeddable":true,"href":"https:\/\/warendorfer-su.de\/index.php\/wp-json\/wp\/v2\/pages\/238"}],"wp:featuredmedia":[{"embeddable":true,"href":"https:\/\/warendorfer-su.de\/index.php\/wp-json\/wp\/v2\/media\/1097"}],"wp:attachment":[{"href":"https:\/\/warendorfer-su.de\/index.php\/wp-json\/wp\/v2\/media?parent=240"}],"curies":[{"name":"wp","href":"https:\/\/api.w.org\/{rel}","templated":true}]}}