{"id":333,"date":"2025-12-23T09:22:33","date_gmt":"2025-12-23T08:22:33","guid":{"rendered":"https:\/\/wwsu.de\/?page_id=333"},"modified":"2025-12-25T09:50:39","modified_gmt":"2025-12-25T08:50:39","slug":"vorstand","status":"publish","type":"page","link":"https:\/\/warendorfer-su.de\/index.php\/darts\/vorstand\/","title":{"rendered":"Vorstand"},"content":{"rendered":"\n<p>Die Darts-Abteilung der Warendorfer SU wird von einem engagierten Team geleitet, das sich um den Spielbetrieb, die Organisation von Turnieren und die F\u00f6rderung des Dartsports in Warendorf k\u00fcmmert.<\/p>\n\n\n\n<h4 class=\"wp-block-heading\"><strong>Der Abteilungsvorstand<\/strong><\/h4>\n\n\n\n<ul class=\"wp-block-list\">\n<li><strong>Abteilungsvorsitzender:<\/strong> Dr. Roland Samlaus<\/li>\n\n\n\n<li><strong>Stellv. Abteilungsvorsitzender:<\/strong> Helmut Arnold<\/li>\n\n\n\n<li><strong>Sportwart \/ Spielbetrieb:<\/strong> Marian Reher, Philip Johanterwage<\/li>\n\n\n\n<li><strong>Kassenwart:<\/strong> Sonja Arnold<\/li>\n\n\n\n<li><strong>Beisitzer<\/strong>: Michael Kintrup, Dirk Schulze Heuling<\/li>\n<\/ul>\n\n\n\n<h4 class=\"wp-block-heading\"><strong>Ansprechpartner &amp; Kontakt<\/strong><\/h4>\n\n\n\n<p>Hast du Fragen zum Training, zu unseren Mannschaften oder m\u00f6chtest du einfach mal &#8222;reinschnuppern&#8220;? Dann wende dich gerne an unsere Ansprechpartner:<\/p>\n\n\n\n<ul class=\"wp-block-list\">\n<li><strong>E-Mail:<\/strong> <a href=\"mailto:darts@wsu-ev.de\" target=\"_blank\" rel=\"noreferrer noopener\"><a href=\"mailto:&#105;&#110;&#102;&#111;&#64;&#119;&#115;&#117;&#100;&#97;&#114;&#116;&#46;&#100;&#101;\">&#105;&#110;&#102;&#111;&#64;&#119;&#115;&#117;&#100;&#97;&#114;&#116;&#46;&#100;&#101;<\/a><\/a><\/li>\n\n\n\n<li><strong>Trainingsort:<\/strong> Fechthalle am Hallenbad, Von-Ketteler-Str. 30, 48231 Warendorf<\/li>\n<\/ul>\n\n\n\n<h4 class=\"wp-block-heading\"><strong>\u00dcber die Abteilung<\/strong><\/h4>\n\n\n\n<p>Unsere Darts-Abteilung w\u00e4chst stetig. Wir nehmen mit mehreren Mannschaften am aktiven Ligabetrieb (z.B. im NWDV \u2013 Nordrhein-Westf\u00e4lischer Dartverband) teil und bieten sowohl f\u00fcr Hobby-Spieler als auch f\u00fcr ambitionierte Steeldarter die passende Umgebung.<\/p>\n","protected":false},"excerpt":{"rendered":"<p>Die Darts-Abteilung der Warendorfer SU wird von einem engagierten Team geleitet, das sich um den Spielbetrieb, die Organisation von Turnieren und die F\u00f6rderung des Dartsports in Warendorf k\u00fcmmert. Der Abteilungsvorstand Ansprechpartner &amp; Kontakt Hast du Fragen zum Training, zu unseren &hellip; <a href=\"https:\/\/warendorfer-su.de\/index.php\/darts\/vorstand\/\">Weiterlesen <span class=\"meta-nav\">&rarr;<\/span><\/a><\/p>\n","protected":false},"author":1,"featured_media":0,"parent":25,"menu_order":0,"comment_status":"closed","ping_status":"closed","template":"","meta":{"ngg_post_thumbnail":0,"footnotes":""},"class_list":["post-333","page","type-page","status-publish","hentry"],"_links":{"self":[{"href":"https:\/\/warendorfer-su.de\/index.php\/wp-json\/wp\/v2\/pages\/333","targetHints":{"allow":["GET"]}}],"collection":[{"href":"https:\/\/warendorfer-su.de\/index.php\/wp-json\/wp\/v2\/pages"}],"about":[{"href":"https:\/\/warendorfer-su.de\/index.php\/wp-json\/wp\/v2\/types\/page"}],"author":[{"embeddable":true,"href":"https:\/\/warendorfer-su.de\/index.php\/wp-json\/wp\/v2\/users\/1"}],"replies":[{"embeddable":true,"href":"https:\/\/warendorfer-su.de\/index.php\/wp-json\/wp\/v2\/comments?post=333"}],"version-history":[{"count":3,"href":"https:\/\/warendorfer-su.de\/index.php\/wp-json\/wp\/v2\/pages\/333\/revisions"}],"predecessor-version":[{"id":816,"href":"https:\/\/warendorfer-su.de\/index.php\/wp-json\/wp\/v2\/pages\/333\/revisions\/816"}],"up":[{"embeddable":true,"href":"https:\/\/warendorfer-su.de\/index.php\/wp-json\/wp\/v2\/pages\/25"}],"wp:attachment":[{"href":"https:\/\/warendorfer-su.de\/index.php\/wp-json\/wp\/v2\/media?parent=333"}],"curies":[{"name":"wp","href":"https:\/\/api.w.org\/{rel}","templated":true}]}}