{"id":42,"date":"2025-12-21T13:03:49","date_gmt":"2025-12-21T12:03:49","guid":{"rendered":"https:\/\/wwsu.de\/?page_id=42"},"modified":"2026-04-11T12:35:42","modified_gmt":"2026-04-11T10:35:42","slug":"fussball","status":"publish","type":"page","link":"https:\/\/warendorfer-su.de\/index.php\/ballsport\/fussball\/","title":{"rendered":"Fu\u00dfball"},"content":{"rendered":"\n<h4 class=\"wp-block-heading\">Sport trifft Engagement<\/h4>\n\n\n\n<p>Die Fu\u00dfballabteilung ist Teil der Warendorfer Sportunion (WSU) und mit<br>mehr als 900 Mitgliedern und 35 Mannschaften die st\u00e4rkste Abteilung der WSU.<\/p>\n\n\n\n<p>Imagebrosch\u00fcre:&nbsp;<\/p>\n\n\n\n<p><a href=\"\/documents\/WSU_Sport_trifft_RZ07_web.pdf\">Ansehen<\/a><\/p>\n\n\n\n<p>Wir suchen dich (Brosch\u00fcre Trainer und Schiedsrichter):<\/p>\n\n\n\n<p><a href=\"\/documents\/WSU_Folder_Trainer_Schiedsrichter_RZ01.pdf\">Ansehen<\/a><\/p>\n\n\n\n<p><\/p>\n\n\n\n<!-- Page-list plugin v.5.9 wordpress.org\/plugins\/page-list\/ -->\n<ul class=\"page-list \">\n<li class=\"page_item page-item-46\"><a href=\"https:\/\/warendorfer-su.de\/index.php\/ballsport\/fussball\/kontakt\/\">Kontakt<\/a><\/li>\n<li class=\"page_item page-item-44\"><a href=\"https:\/\/warendorfer-su.de\/index.php\/ballsport\/fussball\/news\/\">News<\/a><\/li>\n<li class=\"page_item page-item-1409\"><a href=\"https:\/\/warendorfer-su.de\/index.php\/ballsport\/fussball\/sponsoren\/\">Sponsoren<\/a><\/li>\n<li class=\"page_item page-item-1153\"><a href=\"https:\/\/warendorfer-su.de\/index.php\/ballsport\/fussball\/vorstand\/\">Vorstand<\/a><\/li>\n\n<\/ul>\n","protected":false},"excerpt":{"rendered":"<p>Sport trifft Engagement Die Fu\u00dfballabteilung ist Teil der Warendorfer Sportunion (WSU) und mitmehr als 900 Mitgliedern und 35 Mannschaften die st\u00e4rkste Abteilung der WSU. Imagebrosch\u00fcre:&nbsp; Ansehen Wir suchen dich (Brosch\u00fcre Trainer und Schiedsrichter): Ansehen<\/p>\n","protected":false},"author":1,"featured_media":0,"parent":2,"menu_order":0,"comment_status":"closed","ping_status":"closed","template":"","meta":{"ngg_post_thumbnail":0,"footnotes":""},"class_list":["post-42","page","type-page","status-publish","hentry"],"_links":{"self":[{"href":"https:\/\/warendorfer-su.de\/index.php\/wp-json\/wp\/v2\/pages\/42","targetHints":{"allow":["GET"]}}],"collection":[{"href":"https:\/\/warendorfer-su.de\/index.php\/wp-json\/wp\/v2\/pages"}],"about":[{"href":"https:\/\/warendorfer-su.de\/index.php\/wp-json\/wp\/v2\/types\/page"}],"author":[{"embeddable":true,"href":"https:\/\/warendorfer-su.de\/index.php\/wp-json\/wp\/v2\/users\/1"}],"replies":[{"embeddable":true,"href":"https:\/\/warendorfer-su.de\/index.php\/wp-json\/wp\/v2\/comments?post=42"}],"version-history":[{"count":14,"href":"https:\/\/warendorfer-su.de\/index.php\/wp-json\/wp\/v2\/pages\/42\/revisions"}],"predecessor-version":[{"id":1360,"href":"https:\/\/warendorfer-su.de\/index.php\/wp-json\/wp\/v2\/pages\/42\/revisions\/1360"}],"up":[{"embeddable":true,"href":"https:\/\/warendorfer-su.de\/index.php\/wp-json\/wp\/v2\/pages\/2"}],"wp:attachment":[{"href":"https:\/\/warendorfer-su.de\/index.php\/wp-json\/wp\/v2\/media?parent=42"}],"curies":[{"name":"wp","href":"https:\/\/api.w.org\/{rel}","templated":true}]}}