{"id":492,"date":"2025-12-23T10:31:13","date_gmt":"2025-12-23T09:31:13","guid":{"rendered":"https:\/\/wwsu.de\/?page_id=492"},"modified":"2026-01-29T15:41:40","modified_gmt":"2026-01-29T14:41:40","slug":"geschaeftsstelle","status":"publish","type":"page","link":"https:\/\/warendorfer-su.de\/index.php\/verein\/geschaeftsstelle\/","title":{"rendered":"Gesch\u00e4ftsstelle"},"content":{"rendered":"\n<h1 class=\"wp-block-heading\"><\/h1>\n\n\n\n<p>Unsere WSU-Gesch\u00e4ftsstelle an der <strong>Von-Ketteler-Str. 30<\/strong> (Eingang neben dem Hallenbad) steht Ihnen bei allen Fragen gerne zur Verf\u00fcgung.<sup><\/sup><\/p>\n\n\n\n<p>Ihre Ansprechpartnerinnen in der Gesch\u00e4ftsstelle:<sup><\/sup><\/p>\n\n\n\n<p>Frau Andrea Schmitz<br>Frau Daniela Reingen<br>Frau Stefanie Br\u00e4ndle<br>Frau Jasmin Hilge  <\/p>\n\n\n\n<p><\/p>\n\n\n\n<ul class=\"wp-block-list\">\n<li><strong>Besuchen Sie uns:<\/strong> Mo, Do: 14 bis 18 Uhr und Di 9 bis 12 Uhr<\/li>\n\n\n\n<li><strong>Rufen Sie uns an:<\/strong> (0 25 81) 6 19 77<\/li>\n\n\n\n<li><strong>Oder schreiben uns eine E-Mail:<\/strong> info@warendorfer-su.de<\/li>\n<\/ul>\n\n\n\n<p><\/p>\n","protected":false},"excerpt":{"rendered":"<p>Unsere WSU-Gesch\u00e4ftsstelle an der Von-Ketteler-Str. 30 (Eingang neben dem Hallenbad) steht Ihnen bei allen Fragen gerne zur Verf\u00fcgung. Ihre Ansprechpartnerinnen in der Gesch\u00e4ftsstelle: Frau Andrea SchmitzFrau Daniela ReingenFrau Stefanie Br\u00e4ndleFrau Jasmin Hilge<\/p>\n","protected":false},"author":1,"featured_media":0,"parent":273,"menu_order":0,"comment_status":"closed","ping_status":"closed","template":"","meta":{"ngg_post_thumbnail":0,"footnotes":""},"class_list":["post-492","page","type-page","status-publish","hentry"],"_links":{"self":[{"href":"https:\/\/warendorfer-su.de\/index.php\/wp-json\/wp\/v2\/pages\/492","targetHints":{"allow":["GET"]}}],"collection":[{"href":"https:\/\/warendorfer-su.de\/index.php\/wp-json\/wp\/v2\/pages"}],"about":[{"href":"https:\/\/warendorfer-su.de\/index.php\/wp-json\/wp\/v2\/types\/page"}],"author":[{"embeddable":true,"href":"https:\/\/warendorfer-su.de\/index.php\/wp-json\/wp\/v2\/users\/1"}],"replies":[{"embeddable":true,"href":"https:\/\/warendorfer-su.de\/index.php\/wp-json\/wp\/v2\/comments?post=492"}],"version-history":[{"count":3,"href":"https:\/\/warendorfer-su.de\/index.php\/wp-json\/wp\/v2\/pages\/492\/revisions"}],"predecessor-version":[{"id":1014,"href":"https:\/\/warendorfer-su.de\/index.php\/wp-json\/wp\/v2\/pages\/492\/revisions\/1014"}],"up":[{"embeddable":true,"href":"https:\/\/warendorfer-su.de\/index.php\/wp-json\/wp\/v2\/pages\/273"}],"wp:attachment":[{"href":"https:\/\/warendorfer-su.de\/index.php\/wp-json\/wp\/v2\/media?parent=492"}],"curies":[{"name":"wp","href":"https:\/\/api.w.org\/{rel}","templated":true}]}}